{"id":534,"date":"2025-08-03T16:47:08","date_gmt":"2025-08-03T14:47:08","guid":{"rendered":"https:\/\/alainmartineau-cartoenv.fr\/?page_id=534"},"modified":"2025-09-06T15:03:30","modified_gmt":"2025-09-06T13:03:30","slug":"confidentialite","status":"publish","type":"page","link":"https:\/\/alainmartineau-cartoenv.fr\/accueil\/accueil\/confidentialite\/","title":{"rendered":"CONFIDENTIALITE"},"content":{"rendered":"\n<p><strong>POLITIQUE<\/strong><\/p>\n\n\n\n<p>Le traitement de donn\u00e9es \u00e0 caract\u00e8re personnel \u00e0 travers l&rsquo;utilisation d&rsquo;un site internet pose question. L&rsquo;utilisation d\u2019un formulaire de contact, une cr\u00e9ation de compte, une connexion \u00e0 un espace, l&rsquo;inscription \u00e0 une newsletter sont des moments cl\u00e9 o\u00f9 vos donn\u00e9es personnelles peuvent \u00eatre stock\u00e9es et conserv\u00e9es. Le R\u00e8glement G\u00e9n\u00e9ral sur la Protection des Donn\u00e9e, UE 2016\/679, contraint le gestionnaire du site \u00e0 certaines obligations, notamment celui d&rsquo;obtenir le consentement de l&rsquo;utilisateur aux cookies.<\/p>\n\n\n\n<p>En tant que gestionnaire du site, je suis responsable du traitement des donn\u00e9es personnelles collect\u00e9es via le formulaire de contact mais \u00e9galement des cookies de session n\u00e9cessaires au bon fonctionnement du site en g\u00e9n\u00e9ral.<\/p>\n\n\n\n<p>Ainsi, les cookies suivants sont stock\u00e9s sur votre ordinateur en fonction de vos pr\u00e9f\u00e9rences de s\u00e9curit\u00e9 du navigateur internet que vous utilisez :<\/p>\n\n\n\n<ul class=\"wp-block-list\">\n<li>wordpress_test_cookie :  cookie de test, d\u00e9fini pour v\u00e9rifier si le navigateur accepte les cookies. Il est supprim\u00e9 une fois la session termin\u00e9e.<\/li>\n\n\n\n<li>wpl_viewed_cookie : cookie permet de nous souvenir que vous avez d\u00e9j\u00e0 vu la banni\u00e8re de consentement aux cookies et de ne pas vous la pr\u00e9senter de nouveau \u00e0 chaque visite.<\/li>\n\n\n\n<li>wpl_optout_cookie et wpl_tc_string : Cookies de vos pr\u00e9f\u00e9rences en mati\u00e8re de cookies (consentement ou refus) afin de nous conformer \u00e0 la r\u00e9glementation RGPD.\u00a0\u00bb<\/li>\n<\/ul>\n\n\n\n<p>Lors de la compl\u00e9tion du formulaire de contact, les donn\u00e9es syst\u00e8me (adresse IP, user agent, r\u00e9f\u00e9rent, date et heure de soumission) ne sont pas stock\u00e9es par l&rsquo;\u00e9diteur du plugin du formulaire WPForms dans la version choisie pour ce site. Par ailleurs, vos messages ne sont stock\u00e9es que dans la messagerie professionnelle alainmartineau-cartoenv@outlook.fr et ne font l&rsquo;objet d&rsquo;aucun traitement ou usage d\u00e9tourn\u00e9. Ces messages sont d\u00e9truits \u00e0 votre demande.<\/p>\n\n\n\n<p>Cet inventaire n&rsquo;est pas exhaustif. Il sera mis \u00e0 jour en fonction des \u00e9volutions du site.<\/p>\n","protected":false},"excerpt":{"rendered":"<p>POLITIQUE Le traitement de donn\u00e9es \u00e0 caract\u00e8re personnel \u00e0 travers l&rsquo;utilisation d&rsquo;un site internet pose question. L&rsquo;utilisation d\u2019un formulaire de contact, une cr\u00e9ation de compte, une connexion \u00e0 un espace, l&rsquo;inscription \u00e0 une newsletter sont des moments cl\u00e9 o\u00f9 vos donn\u00e9es personnelles peuvent \u00eatre stock\u00e9es et conserv\u00e9es. Le R\u00e8glement G\u00e9n\u00e9ral sur la Protection des Donn\u00e9e, [&hellip;]<\/p>\n","protected":false},"author":1,"featured_media":0,"parent":21,"menu_order":0,"comment_status":"closed","ping_status":"closed","template":"","meta":{"footnotes":""},"class_list":["post-534","page","type-page","status-publish","hentry"],"yoast_head":"<!-- This site is optimized with the Yoast SEO plugin v27.3 - https:\/\/yoast.com\/product\/yoast-seo-wordpress\/ -->\n<title>CONFIDENTIALITE - Alain Martineau Sp\u00e9cialiste CAD-SIG<\/title>\n<meta name=\"description\" content=\"CONFIDENTIALITE\" \/>\n<meta name=\"robots\" content=\"noindex, follow\" \/>\n<meta property=\"og:locale\" content=\"fr_FR\" \/>\n<meta property=\"og:type\" content=\"article\" \/>\n<meta property=\"og:title\" content=\"CONFIDENTIALITE - Alain Martineau Sp\u00e9cialiste CAD-SIG\" \/>\n<meta property=\"og:description\" content=\"CONFIDENTIALITE\" \/>\n<meta property=\"og:url\" content=\"https:\/\/alainmartineau-cartoenv.fr\/accueil\/accueil\/confidentialite\/\" \/>\n<meta property=\"og:site_name\" content=\"Alain Martineau Sp\u00e9cialiste CAD-SIG\" \/>\n<meta property=\"article:modified_time\" content=\"2025-09-06T13:03:30+00:00\" \/>\n<meta property=\"og:image\" content=\"https:\/\/alainmartineau-cartoenv.fr\/wp-content\/uploads\/2025\/06\/cropped-AM_1-2-1.png\" \/>\n\t<meta property=\"og:image:width\" content=\"512\" \/>\n\t<meta property=\"og:image:height\" content=\"512\" \/>\n\t<meta property=\"og:image:type\" content=\"image\/png\" \/>\n<meta name=\"twitter:label1\" content=\"Dur\u00e9e de lecture estim\u00e9e\" \/>\n\t<meta name=\"twitter:data1\" content=\"2 minutes\" \/>\n<script type=\"application\/ld+json\" class=\"yoast-schema-graph\">{\"@context\":\"https:\\\/\\\/schema.org\",\"@graph\":[{\"@type\":\"WebPage\",\"@id\":\"https:\\\/\\\/alainmartineau-cartoenv.fr\\\/accueil\\\/accueil\\\/confidentialite\\\/\",\"url\":\"https:\\\/\\\/alainmartineau-cartoenv.fr\\\/accueil\\\/accueil\\\/confidentialite\\\/\",\"name\":\"CONFIDENTIALITE - Alain Martineau Sp\u00e9cialiste CAD-SIG\",\"isPartOf\":{\"@id\":\"https:\\\/\\\/alainmartineau-cartoenv.fr\\\/accueil\\\/#website\"},\"datePublished\":\"2025-08-03T14:47:08+00:00\",\"dateModified\":\"2025-09-06T13:03:30+00:00\",\"description\":\"CONFIDENTIALITE\",\"breadcrumb\":{\"@id\":\"https:\\\/\\\/alainmartineau-cartoenv.fr\\\/accueil\\\/accueil\\\/confidentialite\\\/#breadcrumb\"},\"inLanguage\":\"fr-FR\",\"potentialAction\":[{\"@type\":\"ReadAction\",\"target\":[\"https:\\\/\\\/alainmartineau-cartoenv.fr\\\/accueil\\\/accueil\\\/confidentialite\\\/\"]}]},{\"@type\":\"BreadcrumbList\",\"@id\":\"https:\\\/\\\/alainmartineau-cartoenv.fr\\\/accueil\\\/accueil\\\/confidentialite\\\/#breadcrumb\",\"itemListElement\":[{\"@type\":\"ListItem\",\"position\":1,\"name\":\"Accueil\",\"item\":\"https:\\\/\\\/alainmartineau-cartoenv.fr\\\/accueil\\\/\"},{\"@type\":\"ListItem\",\"position\":2,\"name\":\"CARTOGRAPHIE ET ENVIRONNEMENT\",\"item\":\"https:\\\/\\\/alainmartineau-cartoenv.fr\\\/accueil\\\/\"},{\"@type\":\"ListItem\",\"position\":3,\"name\":\"CONFIDENTIALITE\"}]},{\"@type\":\"WebSite\",\"@id\":\"https:\\\/\\\/alainmartineau-cartoenv.fr\\\/accueil\\\/#website\",\"url\":\"https:\\\/\\\/alainmartineau-cartoenv.fr\\\/accueil\\\/\",\"name\":\"Alain Martineau Sp\u00e9cialiste CAD-SIG\",\"description\":\"\",\"publisher\":{\"@id\":\"https:\\\/\\\/alainmartineau-cartoenv.fr\\\/accueil\\\/#\\\/schema\\\/person\\\/5cc1fe3b12e5b98102d5dbc0661de1a3\"},\"alternateName\":\"alainmartineau-cartoenv\",\"potentialAction\":[{\"@type\":\"SearchAction\",\"target\":{\"@type\":\"EntryPoint\",\"urlTemplate\":\"https:\\\/\\\/alainmartineau-cartoenv.fr\\\/accueil\\\/?s={search_term_string}\"},\"query-input\":{\"@type\":\"PropertyValueSpecification\",\"valueRequired\":true,\"valueName\":\"search_term_string\"}}],\"inLanguage\":\"fr-FR\"},{\"@type\":[\"Person\",\"Organization\"],\"@id\":\"https:\\\/\\\/alainmartineau-cartoenv.fr\\\/accueil\\\/#\\\/schema\\\/person\\\/5cc1fe3b12e5b98102d5dbc0661de1a3\",\"name\":\"alainmartineau9@gmail.com\",\"image\":{\"@type\":\"ImageObject\",\"inLanguage\":\"fr-FR\",\"@id\":\"https:\\\/\\\/alainmartineau-cartoenv.fr\\\/wp-content\\\/uploads\\\/2025\\\/06\\\/cropped-AM_1-2-1.png\",\"url\":\"https:\\\/\\\/alainmartineau-cartoenv.fr\\\/wp-content\\\/uploads\\\/2025\\\/06\\\/cropped-AM_1-2-1.png\",\"contentUrl\":\"https:\\\/\\\/alainmartineau-cartoenv.fr\\\/wp-content\\\/uploads\\\/2025\\\/06\\\/cropped-AM_1-2-1.png\",\"width\":512,\"height\":512,\"caption\":\"alainmartineau9@gmail.com\"},\"logo\":{\"@id\":\"https:\\\/\\\/alainmartineau-cartoenv.fr\\\/wp-content\\\/uploads\\\/2025\\\/06\\\/cropped-AM_1-2-1.png\"},\"sameAs\":[\"https:\\\/\\\/alainmartineau-cartoenv.fr\",\"www.linkedin.com\\\/in\\\/alainmartineau-cartoenv\"]}]}<\/script>\n<!-- \/ Yoast SEO plugin. -->","yoast_head_json":{"title":"CONFIDENTIALITE - Alain Martineau Sp\u00e9cialiste CAD-SIG","description":"CONFIDENTIALITE","robots":{"index":"noindex","follow":"follow"},"og_locale":"fr_FR","og_type":"article","og_title":"CONFIDENTIALITE - Alain Martineau Sp\u00e9cialiste CAD-SIG","og_description":"CONFIDENTIALITE","og_url":"https:\/\/alainmartineau-cartoenv.fr\/accueil\/accueil\/confidentialite\/","og_site_name":"Alain Martineau Sp\u00e9cialiste CAD-SIG","article_modified_time":"2025-09-06T13:03:30+00:00","og_image":[{"width":512,"height":512,"url":"https:\/\/alainmartineau-cartoenv.fr\/wp-content\/uploads\/2025\/06\/cropped-AM_1-2-1.png","type":"image\/png"}],"twitter_misc":{"Dur\u00e9e de lecture estim\u00e9e":"2 minutes"},"schema":{"@context":"https:\/\/schema.org","@graph":[{"@type":"WebPage","@id":"https:\/\/alainmartineau-cartoenv.fr\/accueil\/accueil\/confidentialite\/","url":"https:\/\/alainmartineau-cartoenv.fr\/accueil\/accueil\/confidentialite\/","name":"CONFIDENTIALITE - Alain Martineau Sp\u00e9cialiste CAD-SIG","isPartOf":{"@id":"https:\/\/alainmartineau-cartoenv.fr\/accueil\/#website"},"datePublished":"2025-08-03T14:47:08+00:00","dateModified":"2025-09-06T13:03:30+00:00","description":"CONFIDENTIALITE","breadcrumb":{"@id":"https:\/\/alainmartineau-cartoenv.fr\/accueil\/accueil\/confidentialite\/#breadcrumb"},"inLanguage":"fr-FR","potentialAction":[{"@type":"ReadAction","target":["https:\/\/alainmartineau-cartoenv.fr\/accueil\/accueil\/confidentialite\/"]}]},{"@type":"BreadcrumbList","@id":"https:\/\/alainmartineau-cartoenv.fr\/accueil\/accueil\/confidentialite\/#breadcrumb","itemListElement":[{"@type":"ListItem","position":1,"name":"Accueil","item":"https:\/\/alainmartineau-cartoenv.fr\/accueil\/"},{"@type":"ListItem","position":2,"name":"CARTOGRAPHIE ET ENVIRONNEMENT","item":"https:\/\/alainmartineau-cartoenv.fr\/accueil\/"},{"@type":"ListItem","position":3,"name":"CONFIDENTIALITE"}]},{"@type":"WebSite","@id":"https:\/\/alainmartineau-cartoenv.fr\/accueil\/#website","url":"https:\/\/alainmartineau-cartoenv.fr\/accueil\/","name":"Alain Martineau Sp\u00e9cialiste CAD-SIG","description":"","publisher":{"@id":"https:\/\/alainmartineau-cartoenv.fr\/accueil\/#\/schema\/person\/5cc1fe3b12e5b98102d5dbc0661de1a3"},"alternateName":"alainmartineau-cartoenv","potentialAction":[{"@type":"SearchAction","target":{"@type":"EntryPoint","urlTemplate":"https:\/\/alainmartineau-cartoenv.fr\/accueil\/?s={search_term_string}"},"query-input":{"@type":"PropertyValueSpecification","valueRequired":true,"valueName":"search_term_string"}}],"inLanguage":"fr-FR"},{"@type":["Person","Organization"],"@id":"https:\/\/alainmartineau-cartoenv.fr\/accueil\/#\/schema\/person\/5cc1fe3b12e5b98102d5dbc0661de1a3","name":"alainmartineau9@gmail.com","image":{"@type":"ImageObject","inLanguage":"fr-FR","@id":"https:\/\/alainmartineau-cartoenv.fr\/wp-content\/uploads\/2025\/06\/cropped-AM_1-2-1.png","url":"https:\/\/alainmartineau-cartoenv.fr\/wp-content\/uploads\/2025\/06\/cropped-AM_1-2-1.png","contentUrl":"https:\/\/alainmartineau-cartoenv.fr\/wp-content\/uploads\/2025\/06\/cropped-AM_1-2-1.png","width":512,"height":512,"caption":"alainmartineau9@gmail.com"},"logo":{"@id":"https:\/\/alainmartineau-cartoenv.fr\/wp-content\/uploads\/2025\/06\/cropped-AM_1-2-1.png"},"sameAs":["https:\/\/alainmartineau-cartoenv.fr","www.linkedin.com\/in\/alainmartineau-cartoenv"]}]}},"_links":{"self":[{"href":"https:\/\/alainmartineau-cartoenv.fr\/accueil\/wp-json\/wp\/v2\/pages\/534","targetHints":{"allow":["GET"]}}],"collection":[{"href":"https:\/\/alainmartineau-cartoenv.fr\/accueil\/wp-json\/wp\/v2\/pages"}],"about":[{"href":"https:\/\/alainmartineau-cartoenv.fr\/accueil\/wp-json\/wp\/v2\/types\/page"}],"author":[{"embeddable":true,"href":"https:\/\/alainmartineau-cartoenv.fr\/accueil\/wp-json\/wp\/v2\/users\/1"}],"replies":[{"embeddable":true,"href":"https:\/\/alainmartineau-cartoenv.fr\/accueil\/wp-json\/wp\/v2\/comments?post=534"}],"version-history":[{"count":20,"href":"https:\/\/alainmartineau-cartoenv.fr\/accueil\/wp-json\/wp\/v2\/pages\/534\/revisions"}],"predecessor-version":[{"id":997,"href":"https:\/\/alainmartineau-cartoenv.fr\/accueil\/wp-json\/wp\/v2\/pages\/534\/revisions\/997"}],"up":[{"embeddable":true,"href":"https:\/\/alainmartineau-cartoenv.fr\/accueil\/wp-json\/wp\/v2\/pages\/21"}],"wp:attachment":[{"href":"https:\/\/alainmartineau-cartoenv.fr\/accueil\/wp-json\/wp\/v2\/media?parent=534"}],"curies":[{"name":"wp","href":"https:\/\/api.w.org\/{rel}","templated":true}]}}