{"id":299,"date":"2025-08-03T16:51:16","date_gmt":"2025-08-03T14:51:16","guid":{"rendered":"https:\/\/alainmartineau-cartoenv.fr\/?page_id=299"},"modified":"2025-10-16T21:31:33","modified_gmt":"2025-10-16T19:31:33","slug":"sitesetsolspollues","status":"publish","type":"page","link":"https:\/\/alainmartineau-cartoenv.fr\/accueil\/accueil\/sitesetsolspollues\/","title":{"rendered":"SITES ET SOLS POLLUES"},"content":{"rendered":"\n<div class=\"wp-block-group alignfull hostinger-ai-resume-1 hostinger-ai-fade-up has-color-1-background-color has-background has-global-padding is-content-justification-left is-layout-constrained wp-container-core-group-is-layout-1ad27c61 wp-block-group-is-layout-constrained\" data-aos=\"fade-up\" style=\"padding-right:0;padding-left:0\">\n<div class=\"wp-block-columns is-layout-flex wp-container-core-columns-is-layout-28f84493 wp-block-columns-is-layout-flex\">\n<div class=\"wp-block-column is-layout-flow wp-block-column-is-layout-flow\" style=\"padding-right:var(--wp--preset--spacing--40);padding-left:var(--wp--preset--spacing--40)\">\n<h2 class=\"wp-block-heading has-dark-color has-text-color has-link-color wp-elements-d9a5481ad5869e681cdf7dbb2cae64a4\" style=\"margin-bottom:var(--wp--preset--spacing--20)\">MON OFFRE DE SERVICES<\/h2>\n<\/div>\n\n\n\n<div class=\"wp-block-column has-global-padding is-layout-constrained wp-container-core-column-is-layout-97829e9f wp-block-column-is-layout-constrained\" style=\"padding-right:var(--wp--preset--spacing--40);padding-left:var(--wp--preset--spacing--40)\">\n<div class=\"wp-block-group hostinger-ai-fade-up has-global-padding is-layout-constrained wp-block-group-is-layout-constrained\" data-aos=\"fade-up\" data-aos=\"fade-up\" data-aos=\"fade-up\" style=\"margin-bottom:var(--wp--preset--spacing--60)\">\n<p class=\"hostinger-ai-subtitle hostinger-index-1 hostinger-ai-font-bold has-dark-color has-text-color has-link-color has-large-font-size wp-elements-1cf5e133338686f42b95a88179e19549\" style=\"margin-top:0;margin-bottom:var(--wp--preset--spacing--20)\">Au service de g\u00e9ologues et d&rsquo;hydrog\u00e9ologues, j&rsquo;ai acquis une pertinence sur tous les domaines cartographiques associ\u00e9s aux divers dossiers r\u00e8glementaires impos\u00e9s par l&rsquo;administration aux industriels dans le cadre de la remise en \u00e9tat et de la d\u00e9pollution qui en d\u00e9coule.<\/p>\n\n\n\n<p class=\"has-dark-color has-text-color has-link-color has-large-font-size wp-elements-46a522518e525aecd090aa2ebf97aa56\">En fonction de vos exigences, les proc\u00e9d\u00e9s et logiciels peuvent varier. ArcGis, Autocad, QGis pour la partie graphique, et pour la partie attributaire, Excel ou base de donn\u00e9es au format divers.<\/p>\n<\/div>\n<\/div>\n<\/div>\n\n\n\n<div class=\"wp-block-columns is-layout-flex wp-container-core-columns-is-layout-28f84493 wp-block-columns-is-layout-flex\">\n<div class=\"wp-block-column is-layout-flow wp-block-column-is-layout-flow\" style=\"padding-right:var(--wp--preset--spacing--40);padding-left:var(--wp--preset--spacing--40)\">\n<h2 class=\"wp-block-heading has-dark-color has-text-color has-link-color wp-elements-9d2bb9a660a8f2a7e7a9145e7d376e18\" style=\"margin-bottom:var(--wp--preset--spacing--20)\">DOMAINES D&rsquo;EXPERTISE<\/h2>\n<\/div>\n\n\n\n<div class=\"wp-block-column has-dark-color has-text-color has-link-color wp-elements-7f5def69b6452dd19da3ae87517639e4 has-global-padding is-layout-constrained wp-container-core-column-is-layout-ff778368 wp-block-column-is-layout-constrained\" style=\"padding-right:var(--wp--preset--spacing--30);padding-left:var(--wp--preset--spacing--30)\">\n<ul style=\"padding-right:var(--wp--preset--spacing--30);padding-left:var(--wp--preset--spacing--30)\" class=\"wp-block-list\">\n<li class=\"has-large-font-size\">Diagnostic Phase I, \u00e9tude historique<\/li>\n\n\n\n<li class=\"has-large-font-size\">Diagnostic Phase II, caract\u00e9risation des sols<\/li>\n\n\n\n<li class=\"has-large-font-size\">Plan de gestion<\/li>\n\n\n\n<li class=\"has-large-font-size\">Assistance \u00e0 Ma\u00eetrise d&rsquo;Ouvrage\/d\u00e9pollution<\/li>\n<\/ul>\n<\/div>\n<\/div>\n<\/div>\n\n\n\n<div class=\"wp-block-group alignfull hostinger-ai-about-us-3 hostinger-ai-fade-up has-light-color has-text-color has-link-color wp-elements-5804d1f429e2b70e6649088caa512ca4 has-global-padding is-content-justification-left is-layout-constrained wp-container-core-group-is-layout-3ff9502b wp-block-group-is-layout-constrained\" data-aos=\"fade-up\" style=\"padding-right:0;padding-left:0\">\n<div class=\"wp-block-columns is-layout-flex wp-container-core-columns-is-layout-28f84493 wp-block-columns-is-layout-flex\">\n<div class=\"wp-block-column is-layout-flow wp-block-column-is-layout-flow\" style=\"flex-basis:60%\">\n<p class=\"has-large-font-size\"><strong>ETUDE HISTORIQUE<\/strong><\/p>\n<\/div>\n<\/div>\n\n\n\n<div class=\"wp-block-columns alignfull is-layout-flex wp-container-core-columns-is-layout-7fc3d43a wp-block-columns-is-layout-flex\">\n<div class=\"wp-block-column is-layout-flow wp-block-column-is-layout-flow\" style=\"flex-basis:60%\">\n<figure class=\"wp-block-image size-full has-custom-border hostinger-ai-service-image hostinger-index-3\" style=\"margin-right:var(--wp--preset--spacing--40);margin-left:var(--wp--preset--spacing--40)\"><img loading=\"lazy\" decoding=\"async\" width=\"2482\" height=\"1390\" src=\"https:\/\/alainmartineau-cartoenv.fr\/wp-content\/uploads\/2025\/07\/historique.jpg\" alt=\"Etude historique, Phase I\" class=\"wp-image-387\" style=\"border-radius:20px;aspect-ratio:16\/9;object-fit:cover\" srcset=\"https:\/\/alainmartineau-cartoenv.fr\/wp-content\/uploads\/2025\/07\/historique.jpg 2482w, https:\/\/alainmartineau-cartoenv.fr\/wp-content\/uploads\/2025\/07\/historique-300x168.jpg 300w, https:\/\/alainmartineau-cartoenv.fr\/wp-content\/uploads\/2025\/07\/historique-1024x573.jpg 1024w, https:\/\/alainmartineau-cartoenv.fr\/wp-content\/uploads\/2025\/07\/historique-768x430.jpg 768w, https:\/\/alainmartineau-cartoenv.fr\/wp-content\/uploads\/2025\/07\/historique-1536x860.jpg 1536w, https:\/\/alainmartineau-cartoenv.fr\/wp-content\/uploads\/2025\/07\/historique-2048x1147.jpg 2048w\" sizes=\"auto, (max-width: 2482px) 100vw, 2482px\" \/><\/figure>\n<\/div>\n\n\n\n<div class=\"wp-block-column is-vertically-aligned-center is-layout-flow wp-block-column-is-layout-flow\" style=\"flex-basis:60%\">\n<div class=\"wp-block-group hostinger-ai-fade-up wp-container-content-69bc4bdf is-vertical is-content-justification-left is-nowrap is-layout-flex wp-container-core-group-is-layout-c44e55a9 wp-block-group-is-layout-flex\" data-aos=\"fade-up\" data-aos=\"fade-up\" data-aos=\"fade-up\" style=\"padding-right:var(--wp--preset--spacing--40);padding-left:var(--wp--preset--spacing--40)\">\n<p class=\"hostinger-ai-service-description has-large-font-size\" style=\"margin-top:0;margin-bottom:var(--wp--preset--spacing--30)\">Evolution au cours du temps de la configuration d&rsquo;un site industriel pour d\u00e9finir les zones sources de pollutions et d\u00e9finir un plan de sondage<\/p>\n\n\n\n<p class=\"hostinger-ai-service-description has-large-font-size\" style=\"margin-top:0;margin-bottom:0\">Diagnostic Phase I<\/p>\n<\/div>\n<\/div>\n\n\n\n<div class=\"wp-block-column is-layout-flow wp-block-column-is-layout-flow\" style=\"flex-basis:60%\"><\/div>\n<\/div>\n\n\n\n<div class=\"wp-block-columns alignfull is-layout-flex wp-container-core-columns-is-layout-28f84493 wp-block-columns-is-layout-flex\">\n<div class=\"wp-block-column is-layout-flow wp-block-column-is-layout-flow\" style=\"padding-right:var(--wp--preset--spacing--40);padding-left:var(--wp--preset--spacing--40);flex-basis:100%\" id=\"PHASEII\">\n<p class=\"has-large-font-size\"><strong>DIAGNOSTIQUE PHASE II<\/strong><\/p>\n<\/div>\n<\/div>\n\n\n\n<div class=\"wp-block-columns alignfull is-layout-flex wp-container-core-columns-is-layout-7fc3d43a wp-block-columns-is-layout-flex\">\n<div class=\"wp-block-column is-layout-flow wp-block-column-is-layout-flow\" style=\"flex-basis:60%\">\n<figure class=\"wp-block-image size-full has-custom-border hostinger-ai-service-image hostinger-index-3\" style=\"margin-right:var(--wp--preset--spacing--40);margin-left:var(--wp--preset--spacing--40)\"><img loading=\"lazy\" decoding=\"async\" width=\"2130\" height=\"1199\" src=\"https:\/\/alainmartineau-cartoenv.fr\/wp-content\/uploads\/2025\/07\/Mercure-1.jpg\" alt=\"Diagnostic Phase II\" class=\"wp-image-572\" style=\"border-radius:20px;aspect-ratio:16\/9;object-fit:cover\" srcset=\"https:\/\/alainmartineau-cartoenv.fr\/wp-content\/uploads\/2025\/07\/Mercure-1.jpg 2130w, https:\/\/alainmartineau-cartoenv.fr\/wp-content\/uploads\/2025\/07\/Mercure-1-300x169.jpg 300w, https:\/\/alainmartineau-cartoenv.fr\/wp-content\/uploads\/2025\/07\/Mercure-1-1024x576.jpg 1024w, https:\/\/alainmartineau-cartoenv.fr\/wp-content\/uploads\/2025\/07\/Mercure-1-768x432.jpg 768w, https:\/\/alainmartineau-cartoenv.fr\/wp-content\/uploads\/2025\/07\/Mercure-1-1536x865.jpg 1536w, https:\/\/alainmartineau-cartoenv.fr\/wp-content\/uploads\/2025\/07\/Mercure-1-2048x1153.jpg 2048w\" sizes=\"auto, (max-width: 2130px) 100vw, 2130px\" \/><\/figure>\n<\/div>\n\n\n\n<div class=\"wp-block-column is-vertically-aligned-center is-layout-flow wp-block-column-is-layout-flow\" style=\"flex-basis:60%\">\n<div class=\"wp-block-group hostinger-ai-fade-up wp-container-content-69bc4bdf is-vertical is-content-justification-left is-nowrap is-layout-flex wp-container-core-group-is-layout-c44e55a9 wp-block-group-is-layout-flex\" data-aos=\"fade-up\" data-aos=\"fade-up\" data-aos=\"fade-up\" style=\"padding-right:var(--wp--preset--spacing--40);padding-left:var(--wp--preset--spacing--40)\">\n<p class=\"hostinger-ai-service-description has-large-font-size\" style=\"margin-top:0;margin-bottom:0\">Evaluation des risques de contamination et des impacts potentiels sur l&rsquo;environnement. Exemple de discr\u00e9tisation par classes <\/p>\n\n\n\n<p class=\"hostinger-ai-service-description has-large-font-size\" style=\"margin-top:0;margin-bottom:var(--wp--preset--spacing--20)\">Diagnostic Phase II<\/p>\n<\/div>\n<\/div>\n\n\n\n<div class=\"wp-block-column is-layout-flow wp-block-column-is-layout-flow\" style=\"flex-basis:60%\"><\/div>\n<\/div>\n\n\n\n<div class=\"wp-block-columns alignfull is-layout-flex wp-container-core-columns-is-layout-28f84493 wp-block-columns-is-layout-flex\">\n<div class=\"wp-block-column is-layout-flow wp-block-column-is-layout-flow\" style=\"padding-right:var(--wp--preset--spacing--40);padding-left:var(--wp--preset--spacing--40);flex-basis:100%\" id=\"AMOPAD\">\n<p class=\"has-text-align-left has-large-font-size\"><strong>ASSISTANCE A MAITRISE D&rsquo;OUVRAGE<\/strong><\/p>\n<\/div>\n<\/div>\n\n\n\n<div class=\"wp-block-columns alignfull is-layout-flex wp-container-core-columns-is-layout-7fc3d43a wp-block-columns-is-layout-flex\">\n<div class=\"wp-block-column is-layout-flow wp-block-column-is-layout-flow\" style=\"flex-basis:60%\">\n<figure class=\"wp-block-image size-full has-custom-border hostinger-ai-service-image hostinger-index-3\" style=\"margin-right:var(--wp--preset--spacing--40);margin-left:var(--wp--preset--spacing--40)\"><img loading=\"lazy\" decoding=\"async\" width=\"1243\" height=\"692\" src=\"https:\/\/alainmartineau-cartoenv.fr\/wp-content\/uploads\/2025\/07\/PAD.png\" alt=\"Assistance \u00e0 Maitrise d'Ouvrage (AMO)\" class=\"wp-image-363\" style=\"border-radius:20px;aspect-ratio:16\/9;object-fit:cover\" srcset=\"https:\/\/alainmartineau-cartoenv.fr\/wp-content\/uploads\/2025\/07\/PAD.png 1243w, https:\/\/alainmartineau-cartoenv.fr\/wp-content\/uploads\/2025\/07\/PAD-300x167.png 300w, https:\/\/alainmartineau-cartoenv.fr\/wp-content\/uploads\/2025\/07\/PAD-1024x570.png 1024w, https:\/\/alainmartineau-cartoenv.fr\/wp-content\/uploads\/2025\/07\/PAD-768x428.png 768w\" sizes=\"auto, (max-width: 1243px) 100vw, 1243px\" \/><\/figure>\n<\/div>\n\n\n\n<div class=\"wp-block-column is-layout-flow wp-block-column-is-layout-flow\" style=\"flex-basis:60%\">\n<figure class=\"wp-block-image size-full has-custom-border hostinger-ai-service-image hostinger-index-3\" style=\"margin-right:var(--wp--preset--spacing--40);margin-left:var(--wp--preset--spacing--40)\"><img loading=\"lazy\" decoding=\"async\" width=\"1211\" height=\"677\" src=\"https:\/\/alainmartineau-cartoenv.fr\/wp-content\/uploads\/2025\/07\/PAD_Schema.png\" alt=\"Plan d'Arr\u00eat D\u00e9finitif (PAD)\" class=\"wp-image-364\" style=\"border-radius:20px;aspect-ratio:16\/9;object-fit:cover\" srcset=\"https:\/\/alainmartineau-cartoenv.fr\/wp-content\/uploads\/2025\/07\/PAD_Schema.png 1211w, https:\/\/alainmartineau-cartoenv.fr\/wp-content\/uploads\/2025\/07\/PAD_Schema-300x168.png 300w, https:\/\/alainmartineau-cartoenv.fr\/wp-content\/uploads\/2025\/07\/PAD_Schema-1024x572.png 1024w, https:\/\/alainmartineau-cartoenv.fr\/wp-content\/uploads\/2025\/07\/PAD_Schema-768x429.png 768w\" sizes=\"auto, (max-width: 1211px) 100vw, 1211px\" \/><\/figure>\n<\/div>\n\n\n\n<div class=\"wp-block-column is-vertically-aligned-center is-layout-flow wp-block-column-is-layout-flow\" style=\"flex-basis:60%\">\n<div class=\"wp-block-group hostinger-ai-fade-up wp-container-content-69bc4bdf is-vertical is-content-justification-left is-nowrap is-layout-flex wp-container-core-group-is-layout-95b68133 wp-block-group-is-layout-flex\" data-aos=\"fade-up\" data-aos=\"fade-up\" data-aos=\"fade-up\" style=\"padding-right:var(--wp--preset--spacing--20);padding-left:var(--wp--preset--spacing--20)\">\n<p class=\"hostinger-ai-service-description has-large-font-size\" style=\"margin-top:0;margin-bottom:var(--wp--preset--spacing--20)\">Plan de travaux faisant suite \u00e0 un Plan d&rsquo;Arr\u00eat D\u00e9finitif de canalisations d&rsquo;hydrocarbures<\/p>\n<\/div>\n<\/div>\n<\/div>\n<\/div>\n\n\n\n<p><\/p>\n","protected":false},"excerpt":{"rendered":"<p>MON OFFRE DE SERVICES Au service de g\u00e9ologues et d&rsquo;hydrog\u00e9ologues, j&rsquo;ai acquis une pertinence sur tous les domaines cartographiques associ\u00e9s aux divers dossiers r\u00e8glementaires impos\u00e9s par l&rsquo;administration aux industriels dans le cadre de la remise en \u00e9tat et de la d\u00e9pollution qui en d\u00e9coule. En fonction de vos exigences, les proc\u00e9d\u00e9s et logiciels peuvent varier. [&hellip;]<\/p>\n","protected":false},"author":1,"featured_media":0,"parent":21,"menu_order":0,"comment_status":"closed","ping_status":"closed","template":"","meta":{"footnotes":""},"class_list":["post-299","page","type-page","status-publish","hentry"],"yoast_head":"<!-- This site is optimized with the Yoast SEO plugin v27.3 - https:\/\/yoast.com\/product\/yoast-seo-wordpress\/ -->\n<title>SITES ET SOLS POLLUES - Alain Martineau Sp\u00e9cialiste CAD-SIG<\/title>\n<meta name=\"description\" content=\"Travaux cartographiques associ\u00e9s aux divers dossiers r\u00e8glementaires demand\u00e9s par l&#039;administration aux industriels pour la remise en \u00e9tat et de la d\u00e9pollution.\" \/>\n<meta name=\"robots\" content=\"index, follow, max-snippet:-1, max-image-preview:large, max-video-preview:-1\" \/>\n<link rel=\"canonical\" href=\"https:\/\/alainmartineau-cartoenv.fr\/accueil\/accueil\/sitesetsolspollues\/\" \/>\n<meta property=\"og:locale\" content=\"fr_FR\" \/>\n<meta property=\"og:type\" content=\"article\" \/>\n<meta property=\"og:title\" content=\"SITES ET SOLS POLLUES - Alain Martineau Sp\u00e9cialiste CAD-SIG\" \/>\n<meta property=\"og:description\" content=\"Travaux cartographiques associ\u00e9s aux divers dossiers r\u00e8glementaires demand\u00e9s par l&#039;administration aux industriels pour la remise en \u00e9tat et de la d\u00e9pollution.\" \/>\n<meta property=\"og:url\" content=\"https:\/\/alainmartineau-cartoenv.fr\/accueil\/accueil\/sitesetsolspollues\/\" \/>\n<meta property=\"og:site_name\" content=\"Alain Martineau Sp\u00e9cialiste CAD-SIG\" \/>\n<meta property=\"article:modified_time\" content=\"2025-10-16T19:31:33+00:00\" \/>\n<meta property=\"og:image\" content=\"https:\/\/alainmartineau-cartoenv.fr\/wp-content\/uploads\/2025\/07\/historique.jpg\" \/>\n\t<meta property=\"og:image:width\" content=\"2482\" \/>\n\t<meta property=\"og:image:height\" content=\"1390\" \/>\n\t<meta property=\"og:image:type\" content=\"image\/jpeg\" \/>\n<meta name=\"twitter:label1\" content=\"Dur\u00e9e de lecture estim\u00e9e\" \/>\n\t<meta name=\"twitter:data1\" content=\"2 minutes\" \/>\n<script type=\"application\/ld+json\" class=\"yoast-schema-graph\">{\"@context\":\"https:\\\/\\\/schema.org\",\"@graph\":[{\"@type\":\"WebPage\",\"@id\":\"https:\\\/\\\/alainmartineau-cartoenv.fr\\\/accueil\\\/accueil\\\/sitesetsolspollues\\\/\",\"url\":\"https:\\\/\\\/alainmartineau-cartoenv.fr\\\/accueil\\\/accueil\\\/sitesetsolspollues\\\/\",\"name\":\"SITES ET SOLS POLLUES - Alain Martineau Sp\u00e9cialiste CAD-SIG\",\"isPartOf\":{\"@id\":\"https:\\\/\\\/alainmartineau-cartoenv.fr\\\/accueil\\\/#website\"},\"primaryImageOfPage\":{\"@id\":\"https:\\\/\\\/alainmartineau-cartoenv.fr\\\/accueil\\\/accueil\\\/sitesetsolspollues\\\/#primaryimage\"},\"image\":{\"@id\":\"https:\\\/\\\/alainmartineau-cartoenv.fr\\\/accueil\\\/accueil\\\/sitesetsolspollues\\\/#primaryimage\"},\"thumbnailUrl\":\"https:\\\/\\\/alainmartineau-cartoenv.fr\\\/wp-content\\\/uploads\\\/2025\\\/07\\\/historique.jpg\",\"datePublished\":\"2025-08-03T14:51:16+00:00\",\"dateModified\":\"2025-10-16T19:31:33+00:00\",\"description\":\"Travaux cartographiques associ\u00e9s aux divers dossiers r\u00e8glementaires demand\u00e9s par l'administration aux industriels pour la remise en \u00e9tat et de la d\u00e9pollution.\",\"breadcrumb\":{\"@id\":\"https:\\\/\\\/alainmartineau-cartoenv.fr\\\/accueil\\\/accueil\\\/sitesetsolspollues\\\/#breadcrumb\"},\"inLanguage\":\"fr-FR\",\"potentialAction\":[{\"@type\":\"ReadAction\",\"target\":[\"https:\\\/\\\/alainmartineau-cartoenv.fr\\\/accueil\\\/accueil\\\/sitesetsolspollues\\\/\"]}]},{\"@type\":\"ImageObject\",\"inLanguage\":\"fr-FR\",\"@id\":\"https:\\\/\\\/alainmartineau-cartoenv.fr\\\/accueil\\\/accueil\\\/sitesetsolspollues\\\/#primaryimage\",\"url\":\"https:\\\/\\\/alainmartineau-cartoenv.fr\\\/wp-content\\\/uploads\\\/2025\\\/07\\\/historique.jpg\",\"contentUrl\":\"https:\\\/\\\/alainmartineau-cartoenv.fr\\\/wp-content\\\/uploads\\\/2025\\\/07\\\/historique.jpg\"},{\"@type\":\"BreadcrumbList\",\"@id\":\"https:\\\/\\\/alainmartineau-cartoenv.fr\\\/accueil\\\/accueil\\\/sitesetsolspollues\\\/#breadcrumb\",\"itemListElement\":[{\"@type\":\"ListItem\",\"position\":1,\"name\":\"Accueil\",\"item\":\"https:\\\/\\\/alainmartineau-cartoenv.fr\\\/accueil\\\/\"},{\"@type\":\"ListItem\",\"position\":2,\"name\":\"CARTOGRAPHIE ET ENVIRONNEMENT\",\"item\":\"https:\\\/\\\/alainmartineau-cartoenv.fr\\\/accueil\\\/\"},{\"@type\":\"ListItem\",\"position\":3,\"name\":\"SITES ET SOLS POLLUES\"}]},{\"@type\":\"WebSite\",\"@id\":\"https:\\\/\\\/alainmartineau-cartoenv.fr\\\/accueil\\\/#website\",\"url\":\"https:\\\/\\\/alainmartineau-cartoenv.fr\\\/accueil\\\/\",\"name\":\"Alain Martineau Sp\u00e9cialiste CAD-SIG\",\"description\":\"\",\"publisher\":{\"@id\":\"https:\\\/\\\/alainmartineau-cartoenv.fr\\\/accueil\\\/#\\\/schema\\\/person\\\/5cc1fe3b12e5b98102d5dbc0661de1a3\"},\"alternateName\":\"alainmartineau-cartoenv\",\"potentialAction\":[{\"@type\":\"SearchAction\",\"target\":{\"@type\":\"EntryPoint\",\"urlTemplate\":\"https:\\\/\\\/alainmartineau-cartoenv.fr\\\/accueil\\\/?s={search_term_string}\"},\"query-input\":{\"@type\":\"PropertyValueSpecification\",\"valueRequired\":true,\"valueName\":\"search_term_string\"}}],\"inLanguage\":\"fr-FR\"},{\"@type\":[\"Person\",\"Organization\"],\"@id\":\"https:\\\/\\\/alainmartineau-cartoenv.fr\\\/accueil\\\/#\\\/schema\\\/person\\\/5cc1fe3b12e5b98102d5dbc0661de1a3\",\"name\":\"alainmartineau9@gmail.com\",\"image\":{\"@type\":\"ImageObject\",\"inLanguage\":\"fr-FR\",\"@id\":\"https:\\\/\\\/alainmartineau-cartoenv.fr\\\/wp-content\\\/uploads\\\/2025\\\/06\\\/cropped-AM_1-2-1.png\",\"url\":\"https:\\\/\\\/alainmartineau-cartoenv.fr\\\/wp-content\\\/uploads\\\/2025\\\/06\\\/cropped-AM_1-2-1.png\",\"contentUrl\":\"https:\\\/\\\/alainmartineau-cartoenv.fr\\\/wp-content\\\/uploads\\\/2025\\\/06\\\/cropped-AM_1-2-1.png\",\"width\":512,\"height\":512,\"caption\":\"alainmartineau9@gmail.com\"},\"logo\":{\"@id\":\"https:\\\/\\\/alainmartineau-cartoenv.fr\\\/wp-content\\\/uploads\\\/2025\\\/06\\\/cropped-AM_1-2-1.png\"},\"sameAs\":[\"https:\\\/\\\/alainmartineau-cartoenv.fr\",\"www.linkedin.com\\\/in\\\/alainmartineau-cartoenv\"]}]}<\/script>\n<!-- \/ Yoast SEO plugin. -->","yoast_head_json":{"title":"SITES ET SOLS POLLUES - Alain Martineau Sp\u00e9cialiste CAD-SIG","description":"Travaux cartographiques associ\u00e9s aux divers dossiers r\u00e8glementaires demand\u00e9s par l'administration aux industriels pour la remise en \u00e9tat et de la d\u00e9pollution.","robots":{"index":"index","follow":"follow","max-snippet":"max-snippet:-1","max-image-preview":"max-image-preview:large","max-video-preview":"max-video-preview:-1"},"canonical":"https:\/\/alainmartineau-cartoenv.fr\/accueil\/accueil\/sitesetsolspollues\/","og_locale":"fr_FR","og_type":"article","og_title":"SITES ET SOLS POLLUES - Alain Martineau Sp\u00e9cialiste CAD-SIG","og_description":"Travaux cartographiques associ\u00e9s aux divers dossiers r\u00e8glementaires demand\u00e9s par l'administration aux industriels pour la remise en \u00e9tat et de la d\u00e9pollution.","og_url":"https:\/\/alainmartineau-cartoenv.fr\/accueil\/accueil\/sitesetsolspollues\/","og_site_name":"Alain Martineau Sp\u00e9cialiste CAD-SIG","article_modified_time":"2025-10-16T19:31:33+00:00","og_image":[{"width":2482,"height":1390,"url":"https:\/\/alainmartineau-cartoenv.fr\/wp-content\/uploads\/2025\/07\/historique.jpg","type":"image\/jpeg"}],"twitter_misc":{"Dur\u00e9e de lecture estim\u00e9e":"2 minutes"},"schema":{"@context":"https:\/\/schema.org","@graph":[{"@type":"WebPage","@id":"https:\/\/alainmartineau-cartoenv.fr\/accueil\/accueil\/sitesetsolspollues\/","url":"https:\/\/alainmartineau-cartoenv.fr\/accueil\/accueil\/sitesetsolspollues\/","name":"SITES ET SOLS POLLUES - Alain Martineau Sp\u00e9cialiste CAD-SIG","isPartOf":{"@id":"https:\/\/alainmartineau-cartoenv.fr\/accueil\/#website"},"primaryImageOfPage":{"@id":"https:\/\/alainmartineau-cartoenv.fr\/accueil\/accueil\/sitesetsolspollues\/#primaryimage"},"image":{"@id":"https:\/\/alainmartineau-cartoenv.fr\/accueil\/accueil\/sitesetsolspollues\/#primaryimage"},"thumbnailUrl":"https:\/\/alainmartineau-cartoenv.fr\/wp-content\/uploads\/2025\/07\/historique.jpg","datePublished":"2025-08-03T14:51:16+00:00","dateModified":"2025-10-16T19:31:33+00:00","description":"Travaux cartographiques associ\u00e9s aux divers dossiers r\u00e8glementaires demand\u00e9s par l'administration aux industriels pour la remise en \u00e9tat et de la d\u00e9pollution.","breadcrumb":{"@id":"https:\/\/alainmartineau-cartoenv.fr\/accueil\/accueil\/sitesetsolspollues\/#breadcrumb"},"inLanguage":"fr-FR","potentialAction":[{"@type":"ReadAction","target":["https:\/\/alainmartineau-cartoenv.fr\/accueil\/accueil\/sitesetsolspollues\/"]}]},{"@type":"ImageObject","inLanguage":"fr-FR","@id":"https:\/\/alainmartineau-cartoenv.fr\/accueil\/accueil\/sitesetsolspollues\/#primaryimage","url":"https:\/\/alainmartineau-cartoenv.fr\/wp-content\/uploads\/2025\/07\/historique.jpg","contentUrl":"https:\/\/alainmartineau-cartoenv.fr\/wp-content\/uploads\/2025\/07\/historique.jpg"},{"@type":"BreadcrumbList","@id":"https:\/\/alainmartineau-cartoenv.fr\/accueil\/accueil\/sitesetsolspollues\/#breadcrumb","itemListElement":[{"@type":"ListItem","position":1,"name":"Accueil","item":"https:\/\/alainmartineau-cartoenv.fr\/accueil\/"},{"@type":"ListItem","position":2,"name":"CARTOGRAPHIE ET ENVIRONNEMENT","item":"https:\/\/alainmartineau-cartoenv.fr\/accueil\/"},{"@type":"ListItem","position":3,"name":"SITES ET SOLS POLLUES"}]},{"@type":"WebSite","@id":"https:\/\/alainmartineau-cartoenv.fr\/accueil\/#website","url":"https:\/\/alainmartineau-cartoenv.fr\/accueil\/","name":"Alain Martineau Sp\u00e9cialiste CAD-SIG","description":"","publisher":{"@id":"https:\/\/alainmartineau-cartoenv.fr\/accueil\/#\/schema\/person\/5cc1fe3b12e5b98102d5dbc0661de1a3"},"alternateName":"alainmartineau-cartoenv","potentialAction":[{"@type":"SearchAction","target":{"@type":"EntryPoint","urlTemplate":"https:\/\/alainmartineau-cartoenv.fr\/accueil\/?s={search_term_string}"},"query-input":{"@type":"PropertyValueSpecification","valueRequired":true,"valueName":"search_term_string"}}],"inLanguage":"fr-FR"},{"@type":["Person","Organization"],"@id":"https:\/\/alainmartineau-cartoenv.fr\/accueil\/#\/schema\/person\/5cc1fe3b12e5b98102d5dbc0661de1a3","name":"alainmartineau9@gmail.com","image":{"@type":"ImageObject","inLanguage":"fr-FR","@id":"https:\/\/alainmartineau-cartoenv.fr\/wp-content\/uploads\/2025\/06\/cropped-AM_1-2-1.png","url":"https:\/\/alainmartineau-cartoenv.fr\/wp-content\/uploads\/2025\/06\/cropped-AM_1-2-1.png","contentUrl":"https:\/\/alainmartineau-cartoenv.fr\/wp-content\/uploads\/2025\/06\/cropped-AM_1-2-1.png","width":512,"height":512,"caption":"alainmartineau9@gmail.com"},"logo":{"@id":"https:\/\/alainmartineau-cartoenv.fr\/wp-content\/uploads\/2025\/06\/cropped-AM_1-2-1.png"},"sameAs":["https:\/\/alainmartineau-cartoenv.fr","www.linkedin.com\/in\/alainmartineau-cartoenv"]}]}},"_links":{"self":[{"href":"https:\/\/alainmartineau-cartoenv.fr\/accueil\/wp-json\/wp\/v2\/pages\/299","targetHints":{"allow":["GET"]}}],"collection":[{"href":"https:\/\/alainmartineau-cartoenv.fr\/accueil\/wp-json\/wp\/v2\/pages"}],"about":[{"href":"https:\/\/alainmartineau-cartoenv.fr\/accueil\/wp-json\/wp\/v2\/types\/page"}],"author":[{"embeddable":true,"href":"https:\/\/alainmartineau-cartoenv.fr\/accueil\/wp-json\/wp\/v2\/users\/1"}],"replies":[{"embeddable":true,"href":"https:\/\/alainmartineau-cartoenv.fr\/accueil\/wp-json\/wp\/v2\/comments?post=299"}],"version-history":[{"count":94,"href":"https:\/\/alainmartineau-cartoenv.fr\/accueil\/wp-json\/wp\/v2\/pages\/299\/revisions"}],"predecessor-version":[{"id":1616,"href":"https:\/\/alainmartineau-cartoenv.fr\/accueil\/wp-json\/wp\/v2\/pages\/299\/revisions\/1616"}],"up":[{"embeddable":true,"href":"https:\/\/alainmartineau-cartoenv.fr\/accueil\/wp-json\/wp\/v2\/pages\/21"}],"wp:attachment":[{"href":"https:\/\/alainmartineau-cartoenv.fr\/accueil\/wp-json\/wp\/v2\/media?parent=299"}],"curies":[{"name":"wp","href":"https:\/\/api.w.org\/{rel}","templated":true}]}}