{"id":21,"date":"2025-06-08T13:21:59","date_gmt":"2025-06-08T13:21:59","guid":{"rendered":"https:\/\/alainmartineau-cartoenv.fr\/accueil\/"},"modified":"2025-11-15T14:26:51","modified_gmt":"2025-11-15T13:26:51","slug":"accueil","status":"publish","type":"page","link":"https:\/\/alainmartineau-cartoenv.fr\/accueil\/","title":{"rendered":"CARTOGRAPHIE ET ENVIRONNEMENT"},"content":{"rendered":"\n<div class=\"wp-block-cover alignfull is-light wp-duotone-unset-1\" style=\"margin-top:var(--wp--preset--spacing--60);margin-bottom:var(--wp--preset--spacing--60);padding-top:0;padding-bottom:0;min-height:250px;aspect-ratio:unset;\"><img loading=\"lazy\" decoding=\"async\" width=\"1024\" height=\"355\" class=\"wp-block-cover__image-background wp-image-201 size-large\" alt=\"\" src=\"https:\/\/alainmartineau-cartoenv.fr\/wp-content\/uploads\/2025\/06\/banniere_nb-1024x355.png\" data-object-fit=\"cover\" srcset=\"https:\/\/alainmartineau-cartoenv.fr\/wp-content\/uploads\/2025\/06\/banniere_nb-1024x355.png 1024w, https:\/\/alainmartineau-cartoenv.fr\/wp-content\/uploads\/2025\/06\/banniere_nb-300x104.png 300w, https:\/\/alainmartineau-cartoenv.fr\/wp-content\/uploads\/2025\/06\/banniere_nb-768x266.png 768w, https:\/\/alainmartineau-cartoenv.fr\/wp-content\/uploads\/2025\/06\/banniere_nb-1536x532.png 1536w, https:\/\/alainmartineau-cartoenv.fr\/wp-content\/uploads\/2025\/06\/banniere_nb.png 1750w\" sizes=\"auto, (max-width: 1024px) 100vw, 1024px\" \/><span aria-hidden=\"true\" class=\"wp-block-cover__background has-color-1-background-color has-background-dim-70 has-background-dim\"><\/span><div class=\"wp-block-cover__inner-container has-global-padding is-layout-constrained wp-container-core-cover-is-layout-bb6a3461 wp-block-cover-is-layout-constrained\">\n<h1 class=\"wp-block-heading has-text-align-center has-dark-color has-text-color has-link-color wp-elements-5ffe58130f4f9373f895651302236194\">SERVICES DE CARTOGRAPHIES SIG, ILLUSTRATIONS, MOD\u00c9LISATIONS ET D\u00c9VELOPPEMENT D\u2019OUTILS INFORMATIQUES DESTIN\u00c9S \u00c0 L\u2019ING\u00c9NIERIE DE L\u2019ENVIRONNEMENT<\/h1>\n<\/div><\/div>\n\n\n\n<div class=\"wp-block-columns is-layout-flex wp-container-core-columns-is-layout-28f84493 wp-block-columns-is-layout-flex\">\n<div class=\"wp-block-column is-vertically-aligned-center has-global-padding is-layout-constrained wp-container-core-column-is-layout-0bcc84a6 wp-block-column-is-layout-constrained\" style=\"border-style:none;border-width:0px;padding-top:var(--wp--preset--spacing--30);padding-right:var(--wp--preset--spacing--40);padding-bottom:var(--wp--preset--spacing--40);padding-left:var(--wp--preset--spacing--30)\">\n<p class=\"has-light-color has-text-color has-link-color has-custom-4-font-size wp-elements-836ea9be4a57564788e83996b2bf55d4\">Vous faites face \u00e0 une surcharge de travail ou une prestation qui exige des comp\u00e9tences en SIG ou en CAD ? Vous n&rsquo;avez pas de services d\u00e9di\u00e9s au dessin et \u00e0 la cartographie ?<\/p>\n\n\n\n<p class=\"has-light-color has-text-color has-link-color has-custom-4-font-size wp-elements-12d1e5d336f427cc7ed53c1107bf295e\">Je suis un sp\u00e9cialiste CAD-SIG. J&rsquo;assure des services de cartographie, d&rsquo;illustration et de <a href=\"https:\/\/alainmartineau-cartoenv.fr\/wp-content\/uploads\/2025\/10\/Alain-Martineau-ServicesCartographiques.pdf\">d\u00e9veloppement d\u2019outils destin\u00e9s \u00e0 l\u2019ing\u00e9nierie de l\u2019environnement<\/a>. J&rsquo;ai d\u00e9velopp\u00e9 des savoir-faire pertinents dans des domaines tels que l&rsquo;<a href=\"https:\/\/alainmartineau-cartoenv.fr\/securitedesprocedes\">Hygi\u00e8ne S\u00e9curit\u00e9 Environnement<\/a>, la <a href=\"https:\/\/alainmartineau-cartoenv.fr\/sitesetsolspollues\">d\u00e9pollution<\/a> ou les <a href=\"https:\/\/alainmartineau-cartoenv.fr\/geotraitement\">\u00e9tudes d&rsquo;impacts<\/a> et vous propose aujourd&rsquo;hui mon expertise.<\/p>\n<\/div>\n\n\n\n<div class=\"wp-block-column is-layout-flow wp-block-column-is-layout-flow\" style=\"flex-basis:30%\">\n<figure class=\"wp-block-image aligncenter size-medium has-custom-border is-style-rounded\" style=\"margin-right:0;margin-left:0\"><img loading=\"lazy\" decoding=\"async\" width=\"300\" height=\"300\" src=\"https:\/\/alainmartineau-cartoenv.fr\/wp-content\/uploads\/2025\/09\/moi02-300x300.jpg\" alt=\"\" class=\"wp-image-1547\" style=\"border-width:2px\" srcset=\"https:\/\/alainmartineau-cartoenv.fr\/wp-content\/uploads\/2025\/09\/moi02-300x300.jpg 300w, https:\/\/alainmartineau-cartoenv.fr\/wp-content\/uploads\/2025\/09\/moi02-1024x1024.jpg 1024w, https:\/\/alainmartineau-cartoenv.fr\/wp-content\/uploads\/2025\/09\/moi02-150x150.jpg 150w, https:\/\/alainmartineau-cartoenv.fr\/wp-content\/uploads\/2025\/09\/moi02-768x768.jpg 768w, https:\/\/alainmartineau-cartoenv.fr\/wp-content\/uploads\/2025\/09\/moi02-1536x1536.jpg 1536w, https:\/\/alainmartineau-cartoenv.fr\/wp-content\/uploads\/2025\/09\/moi02-2048x2048.jpg 2048w\" sizes=\"auto, (max-width: 300px) 100vw, 300px\" \/><\/figure>\n<\/div>\n<\/div>\n\n\n\n<div class=\"wp-block-group alignfull has-black-color has-color-1-background-color has-text-color has-background has-link-color wp-elements-38ce0c311fee3d43b9bdb8b0316f9284 has-global-padding is-layout-constrained wp-container-core-group-is-layout-0547caab wp-block-group-is-layout-constrained\" style=\"border-style:none;border-width:0px;margin-top:0;margin-bottom:0;padding-top:var(--wp--preset--spacing--30);padding-right:0;padding-bottom:var(--wp--preset--spacing--30);padding-left:0\">\n<h2 class=\"wp-block-heading has-text-align-center\" style=\"border-style:none;border-width:0px;margin-top:0;margin-bottom:0\">SERVICES CAD-SIG<\/h2>\n\n\n\n<div class=\"wp-block-columns is-layout-flex wp-container-core-columns-is-layout-28f84493 wp-block-columns-is-layout-flex\">\n<div class=\"wp-block-column has-global-padding is-content-justification-center is-layout-constrained wp-container-core-column-is-layout-a374210b wp-block-column-is-layout-constrained\" style=\"padding-top:0;padding-right:var(--wp--preset--spacing--30);padding-bottom:0;padding-left:var(--wp--preset--spacing--30)\">\n<h3 class=\"wp-block-heading\">AUDIT<\/h3>\n\n\n\n<p>Prise de connaissance de vos probl\u00e9matiques et des exigences de votre domaine d&rsquo;\u00e9tude. <br>Analyse, diagnostic et proposition d&rsquo;une solution cartographique.<\/p>\n\n\n\n<h3 class=\"wp-block-heading\">TRAITEMENT DE DONNEES<\/h3>\n\n\n\n<p>Formatage des donn\u00e9es sources pour assurez leur compatibilit\u00e9 aux probl\u00e9matiques et aux questions auxquelles elles devront r\u00e9pondre, puis collecte au sein d&rsquo;un syst\u00e8me logiciel unique et p\u00e9renne.<\/p>\n\n\n\n<h3 class=\"wp-block-heading has-text-align-left\">CREATION DE PRODUITS CARTOGRAPHIQUES SUR MESURE&nbsp;<\/h3>\n\n\n\n<p>Conception du produit ; sch\u00e9ma, illustration ou carte, et livraison au format informatique d\u00e9sir\u00e9.<\/p>\n<\/div>\n<\/div>\n<\/div>\n\n\n\n<h2 class=\"wp-block-heading has-text-align-center has-light-color has-text-color has-link-color wp-elements-6d4a3b0283cc1c727ce0209b49110739\">VOS AVANTAGES<\/h2>\n\n\n\n<div class=\"wp-block-columns has-light-color has-text-color has-link-color wp-elements-3a76dcb13a78405612d5e4ced7778dec is-layout-flex wp-container-core-columns-is-layout-5c8fb865 wp-block-columns-is-layout-flex\">\n<div class=\"wp-block-column is-layout-flow wp-block-column-is-layout-flow\" style=\"flex-basis:33.34%\">\n<hr class=\"wp-block-separator has-text-color has-light-color has-alpha-channel-opacity has-light-background-color has-background is-style-default\" style=\"margin-top:0;margin-bottom:0\"\/>\n\n\n\n<h3 class=\"wp-block-heading has-text-align-center\"><strong>RESPECT DE LA CONFIDENTIALITE<\/strong><\/h3>\n\n\n\n<ul class=\"wp-block-list\">\n<li class=\"has-large-font-size\">De mani\u00e8re syst\u00e9matique, un accord de non-divulgation (NDA) est conclu entre nous avant le d\u00e9marrage.<\/li>\n\n\n\n<li class=\"has-large-font-size\">Le stockage des donn\u00e9es est assur\u00e9 par un chiffrage avec BitLocker.<\/li>\n\n\n\n<li class=\"has-large-font-size\">L&rsquo;ensemble des syst\u00e8mes utilis\u00e9s sont mis \u00e0 jour r\u00e9guli\u00e8rement.<\/li>\n<\/ul>\n<\/div>\n\n\n\n<div class=\"wp-block-column is-layout-flow wp-block-column-is-layout-flow\" style=\"flex-basis:33.33%\">\n<hr class=\"wp-block-separator has-text-color has-light-color has-alpha-channel-opacity has-light-background-color has-background is-style-default\" style=\"margin-top:0;margin-bottom:0\"\/>\n\n\n\n<h3 class=\"wp-block-heading has-text-align-center\"><strong>LE PARTENARIAT<\/strong><\/h3>\n\n\n\n<ul class=\"wp-block-list\">\n<li class=\"has-large-font-size\">Mon engagement et ma r\u00e9activit\u00e9 sont des points centraux, garants d\u2019un niveau de qualit\u00e9, de flexibilit\u00e9 et de respect des d\u00e9lais.<\/li>\n<\/ul>\n<\/div>\n\n\n\n<div class=\"wp-block-column is-layout-flow wp-block-column-is-layout-flow\" style=\"flex-basis:33.33%\">\n<hr class=\"wp-block-separator has-text-color has-light-color has-alpha-channel-opacity has-light-background-color has-background is-style-default\" style=\"margin-top:0;margin-bottom:0\"\/>\n\n\n\n<h3 class=\"wp-block-heading has-text-align-center\"><strong>DONNEES ET PROCESSUS OPTIMISE<\/strong>S<\/h3>\n\n\n\n<ul class=\"wp-block-list\">\n<li class=\"has-large-font-size\">Un emploi averti des donn\u00e9es publiques en licence libre depuis 2021. Une connaissance de leurs limites mais aussi des possibilit\u00e9s que leur contenu permet d\u2019offrir.<\/li>\n\n\n\n<li class=\"has-large-font-size\">Les donn\u00e9es sources sont l&rsquo;objet d&rsquo;une mise en forme qualitative puis structur\u00e9es dans une g\u00e9odatabase qui garantie une flexibilit\u00e9 d&rsquo;usage.<\/li>\n<\/ul>\n<\/div>\n<\/div>\n\n\n\n<hr class=\"wp-block-separator has-text-color has-light-color has-alpha-channel-opacity has-light-background-color has-background is-style-default\" style=\"margin-bottom:var(--wp--preset--spacing--40)\"\/>\n\n\n\n<div class=\"wp-block-columns has-light-color has-text-color has-link-color wp-elements-4366776865ec647fc310bb7b439b6917 is-layout-flex wp-container-core-columns-is-layout-658170e2 wp-block-columns-is-layout-flex\">\n<div class=\"wp-block-column is-layout-flow wp-block-column-is-layout-flow\" style=\"flex-basis:33.34%\">\n<h3 class=\"wp-block-heading has-text-align-center\" style=\"margin-top:0;margin-right:0;margin-bottom:var(--wp--preset--spacing--40);margin-left:0\">DOMAINES D&rsquo;EXPERTISE<\/h3>\n\n\n\n<ul class=\"wp-block-list text-align : left has-large-font-size\">\n<li class=\"text-align : left has-large-font-size\"><a href=\"https:\/\/alainmartineau-cartoenv.fr\/securitedesprocedes#EDDPipe\">Etude de s\u00e9curit\u00e9 de canalisations d&rsquo;hydrocarbures<\/a><\/li>\n\n\n\n<li class=\"has-large-font-size\"><a href=\"https:\/\/alainmartineau-cartoenv.fr\/sitesetsolspollues#AMOPAD\">Plan d&rsquo;Arr\u00eat d\u00e9finitif de canalisations d&rsquo;hydrocarbures<\/a><\/li>\n\n\n\n<li class=\"has-large-font-size\"><a href=\"https:\/\/alainmartineau-cartoenv.fr\/sitesetsolspollues#PHASEII\">Diagnostic de pollution des sols<\/a><\/li>\n\n\n\n<li class=\"has-large-font-size\"><a href=\"https:\/\/alainmartineau-cartoenv.fr\/geotraitement#IMPACT\">Etude d&rsquo;impacts<\/a><\/li>\n\n\n\n<li class=\"has-large-font-size\"><a href=\"https:\/\/alainmartineau-cartoenv.fr\/securitedesprocedes#EDD\">Etude de dangers des installations class\u00e9es soumises \u00e0 autorisation<\/a><\/li>\n\n\n\n<li class=\"has-large-font-size\"><a href=\"https:\/\/alainmartineau-cartoenv.fr\/securitedesprocedes#PPRT\">Cartographie PPRT<\/a><\/li>\n\n\n\n<li class=\"has-large-font-size\">Cartographie de vuln\u00e9rabilit\u00e9s<\/li>\n<\/ul>\n<\/div>\n\n\n\n<div class=\"wp-block-column is-layout-flow wp-block-column-is-layout-flow\" style=\"flex-basis:33.33%\">\n<figure class=\"wp-block-image aligncenter size-full\"><img loading=\"lazy\" decoding=\"async\" width=\"438\" height=\"335\" src=\"https:\/\/alainmartineau-cartoenv.fr\/wp-content\/uploads\/2025\/07\/intermede-1.png\" alt=\"alain martineau sp\u00e9cialiste cad-sig : exemple cartographie choropl\u00e8the.\nSource : alain Martineau\" class=\"wp-image-586\" srcset=\"https:\/\/alainmartineau-cartoenv.fr\/wp-content\/uploads\/2025\/07\/intermede-1.png 438w, https:\/\/alainmartineau-cartoenv.fr\/wp-content\/uploads\/2025\/07\/intermede-1-300x229.png 300w\" sizes=\"auto, (max-width: 438px) 100vw, 438px\" \/><\/figure>\n<\/div>\n\n\n\n<div class=\"wp-block-column is-layout-flow wp-block-column-is-layout-flow\" style=\"flex-basis:33.33%\">\n<h3 class=\"wp-block-heading has-text-align-center\" style=\"margin-bottom:var(--wp--preset--spacing--30)\">EXEMPLES DE REALISATIONS<\/h3>\n\n\n\n<ul class=\"wp-block-list hostinger-ai-subtitle hostinger-index-1 hostinger-ai-font-bold\">\n<li class=\"has-large-font-size\">Mod\u00e8les Autocad et suites d&rsquo;outils associ\u00e9s destin\u00e9s \u00e0 faciliter l&rsquo;\u00e9laboration des illustrations<\/li>\n\n\n\n<li class=\"has-large-font-size\">D\u00e9veloppement d&rsquo;outils sp\u00e9cifiques sur Excel, Arcgis-pro,  Autocad, Mapinfo et Surfer<\/li>\n\n\n\n<li class=\"has-large-font-size\">Cr\u00e9ation de base de donn\u00e9es pour la gestion des r\u00e9sultats d&rsquo;analyses, d\u00e9veloppement d&rsquo;interfaces utilisateurs<\/li>\n\n\n\n<li class=\"has-large-font-size\">Cr\u00e9ation des interfaces cartographiques et gestion des utilisateurs sur ArcGisOnLine<\/li>\n<\/ul>\n<\/div>\n<\/div>\n","protected":false},"excerpt":{"rendered":"<p>Vous faites face \u00e0 une surcharge de travail ou une prestation qui exige des comp\u00e9tences en SIG ou en CAD ? Vous n&rsquo;avez pas de services d\u00e9di\u00e9s au dessin et \u00e0 la cartographie ? Je suis un sp\u00e9cialiste CAD-SIG. J&rsquo;assure des services de cartographie, d&rsquo;illustration et de d\u00e9veloppement d\u2019outils destin\u00e9s \u00e0 l\u2019ing\u00e9nierie de l\u2019environnement. J&rsquo;ai [&hellip;]<\/p>\n","protected":false},"author":1,"featured_media":0,"parent":0,"menu_order":0,"comment_status":"closed","ping_status":"closed","template":"","meta":{"footnotes":""},"class_list":["post-21","page","type-page","status-publish","hentry"],"yoast_head":"<!-- This site is optimized with the Yoast SEO plugin v27.3 - https:\/\/yoast.com\/product\/yoast-seo-wordpress\/ -->\n<title>CARTOGRAPHIE ET ENVIRONNEMENT - Alain Martineau Sp\u00e9cialiste CAD-SIG<\/title>\n<meta name=\"description\" content=\"Sp\u00e9cialiste CAD-SIG. J&#039;assure des services de cartographie, d&#039;illustration et de d\u00e9veloppement d\u2019outils destin\u00e9s \u00e0 l\u2019ing\u00e9ni\u00e9rie de l\u2019environnement.\" \/>\n<meta name=\"robots\" content=\"index, follow, max-snippet:-1, max-image-preview:large, max-video-preview:-1\" \/>\n<link rel=\"canonical\" href=\"https:\/\/alainmartineau-cartoenv.fr\/accueil\/\" \/>\n<meta property=\"og:locale\" content=\"fr_FR\" \/>\n<meta property=\"og:type\" content=\"article\" \/>\n<meta property=\"og:title\" content=\"CARTOGRAPHIE ET ENVIRONNEMENT - Alain Martineau Sp\u00e9cialiste CAD-SIG\" \/>\n<meta property=\"og:description\" content=\"Sp\u00e9cialiste CAD-SIG. J&#039;assure des services de cartographie, d&#039;illustration et de d\u00e9veloppement d\u2019outils destin\u00e9s \u00e0 l\u2019ing\u00e9ni\u00e9rie de l\u2019environnement.\" \/>\n<meta property=\"og:url\" content=\"https:\/\/alainmartineau-cartoenv.fr\/accueil\/\" \/>\n<meta property=\"og:site_name\" content=\"Alain Martineau Sp\u00e9cialiste CAD-SIG\" \/>\n<meta property=\"article:modified_time\" content=\"2025-11-15T13:26:51+00:00\" \/>\n<meta property=\"og:image\" content=\"https:\/\/alainmartineau-cartoenv.fr\/wp-content\/uploads\/2025\/06\/banniere_nb.png\" \/>\n\t<meta property=\"og:image:width\" content=\"1750\" \/>\n\t<meta property=\"og:image:height\" content=\"606\" \/>\n\t<meta property=\"og:image:type\" content=\"image\/png\" \/>\n<meta name=\"twitter:label1\" content=\"Dur\u00e9e de lecture estim\u00e9e\" \/>\n\t<meta name=\"twitter:data1\" content=\"3 minutes\" \/>\n<script type=\"application\/ld+json\" class=\"yoast-schema-graph\">{\"@context\":\"https:\\\/\\\/schema.org\",\"@graph\":[{\"@type\":[\"WebPage\",\"SearchResultsPage\"],\"@id\":\"https:\\\/\\\/alainmartineau-cartoenv.fr\\\/accueil\\\/\",\"url\":\"https:\\\/\\\/alainmartineau-cartoenv.fr\\\/accueil\\\/\",\"name\":\"CARTOGRAPHIE ET ENVIRONNEMENT - Alain Martineau Sp\u00e9cialiste CAD-SIG\",\"isPartOf\":{\"@id\":\"https:\\\/\\\/alainmartineau-cartoenv.fr\\\/accueil\\\/#website\"},\"primaryImageOfPage\":{\"@id\":\"https:\\\/\\\/alainmartineau-cartoenv.fr\\\/accueil\\\/#primaryimage\"},\"image\":{\"@id\":\"https:\\\/\\\/alainmartineau-cartoenv.fr\\\/accueil\\\/#primaryimage\"},\"thumbnailUrl\":\"https:\\\/\\\/alainmartineau-cartoenv.fr\\\/wp-content\\\/uploads\\\/2025\\\/06\\\/banniere_nb-1024x355.png\",\"datePublished\":\"2025-06-08T13:21:59+00:00\",\"dateModified\":\"2025-11-15T13:26:51+00:00\",\"description\":\"Sp\u00e9cialiste CAD-SIG. J'assure des services de cartographie, d'illustration et de d\u00e9veloppement d\u2019outils destin\u00e9s \u00e0 l\u2019ing\u00e9ni\u00e9rie de l\u2019environnement.\",\"breadcrumb\":{\"@id\":\"https:\\\/\\\/alainmartineau-cartoenv.fr\\\/accueil\\\/#breadcrumb\"},\"inLanguage\":\"fr-FR\",\"potentialAction\":[{\"@type\":\"ReadAction\",\"target\":[\"https:\\\/\\\/alainmartineau-cartoenv.fr\\\/accueil\\\/\"]}]},{\"@type\":\"ImageObject\",\"inLanguage\":\"fr-FR\",\"@id\":\"https:\\\/\\\/alainmartineau-cartoenv.fr\\\/accueil\\\/#primaryimage\",\"url\":\"https:\\\/\\\/alainmartineau-cartoenv.fr\\\/wp-content\\\/uploads\\\/2025\\\/06\\\/banniere_nb-1024x355.png\",\"contentUrl\":\"https:\\\/\\\/alainmartineau-cartoenv.fr\\\/wp-content\\\/uploads\\\/2025\\\/06\\\/banniere_nb-1024x355.png\"},{\"@type\":\"BreadcrumbList\",\"@id\":\"https:\\\/\\\/alainmartineau-cartoenv.fr\\\/accueil\\\/#breadcrumb\",\"itemListElement\":[{\"@type\":\"ListItem\",\"position\":1,\"name\":\"Accueil\",\"item\":\"https:\\\/\\\/alainmartineau-cartoenv.fr\\\/accueil\\\/\"},{\"@type\":\"ListItem\",\"position\":2,\"name\":\"CARTOGRAPHIE ET ENVIRONNEMENT\"}]},{\"@type\":\"WebSite\",\"@id\":\"https:\\\/\\\/alainmartineau-cartoenv.fr\\\/accueil\\\/#website\",\"url\":\"https:\\\/\\\/alainmartineau-cartoenv.fr\\\/accueil\\\/\",\"name\":\"Alain Martineau Sp\u00e9cialiste CAD-SIG\",\"description\":\"\",\"publisher\":{\"@id\":\"https:\\\/\\\/alainmartineau-cartoenv.fr\\\/accueil\\\/#\\\/schema\\\/person\\\/5cc1fe3b12e5b98102d5dbc0661de1a3\"},\"alternateName\":\"alainmartineau-cartoenv\",\"potentialAction\":[{\"@type\":\"SearchAction\",\"target\":{\"@type\":\"EntryPoint\",\"urlTemplate\":\"https:\\\/\\\/alainmartineau-cartoenv.fr\\\/accueil\\\/?s={search_term_string}\"},\"query-input\":{\"@type\":\"PropertyValueSpecification\",\"valueRequired\":true,\"valueName\":\"search_term_string\"}}],\"inLanguage\":\"fr-FR\"},{\"@type\":[\"Person\",\"Organization\"],\"@id\":\"https:\\\/\\\/alainmartineau-cartoenv.fr\\\/accueil\\\/#\\\/schema\\\/person\\\/5cc1fe3b12e5b98102d5dbc0661de1a3\",\"name\":\"alainmartineau9@gmail.com\",\"image\":{\"@type\":\"ImageObject\",\"inLanguage\":\"fr-FR\",\"@id\":\"https:\\\/\\\/alainmartineau-cartoenv.fr\\\/wp-content\\\/uploads\\\/2025\\\/06\\\/cropped-AM_1-2-1.png\",\"url\":\"https:\\\/\\\/alainmartineau-cartoenv.fr\\\/wp-content\\\/uploads\\\/2025\\\/06\\\/cropped-AM_1-2-1.png\",\"contentUrl\":\"https:\\\/\\\/alainmartineau-cartoenv.fr\\\/wp-content\\\/uploads\\\/2025\\\/06\\\/cropped-AM_1-2-1.png\",\"width\":512,\"height\":512,\"caption\":\"alainmartineau9@gmail.com\"},\"logo\":{\"@id\":\"https:\\\/\\\/alainmartineau-cartoenv.fr\\\/wp-content\\\/uploads\\\/2025\\\/06\\\/cropped-AM_1-2-1.png\"},\"sameAs\":[\"https:\\\/\\\/alainmartineau-cartoenv.fr\",\"www.linkedin.com\\\/in\\\/alainmartineau-cartoenv\"]}]}<\/script>\n<!-- \/ Yoast SEO plugin. -->","yoast_head_json":{"title":"CARTOGRAPHIE ET ENVIRONNEMENT - Alain Martineau Sp\u00e9cialiste CAD-SIG","description":"Sp\u00e9cialiste CAD-SIG. J'assure des services de cartographie, d'illustration et de d\u00e9veloppement d\u2019outils destin\u00e9s \u00e0 l\u2019ing\u00e9ni\u00e9rie de l\u2019environnement.","robots":{"index":"index","follow":"follow","max-snippet":"max-snippet:-1","max-image-preview":"max-image-preview:large","max-video-preview":"max-video-preview:-1"},"canonical":"https:\/\/alainmartineau-cartoenv.fr\/accueil\/","og_locale":"fr_FR","og_type":"article","og_title":"CARTOGRAPHIE ET ENVIRONNEMENT - Alain Martineau Sp\u00e9cialiste CAD-SIG","og_description":"Sp\u00e9cialiste CAD-SIG. J'assure des services de cartographie, d'illustration et de d\u00e9veloppement d\u2019outils destin\u00e9s \u00e0 l\u2019ing\u00e9ni\u00e9rie de l\u2019environnement.","og_url":"https:\/\/alainmartineau-cartoenv.fr\/accueil\/","og_site_name":"Alain Martineau Sp\u00e9cialiste CAD-SIG","article_modified_time":"2025-11-15T13:26:51+00:00","og_image":[{"width":1750,"height":606,"url":"https:\/\/alainmartineau-cartoenv.fr\/wp-content\/uploads\/2025\/06\/banniere_nb.png","type":"image\/png"}],"twitter_misc":{"Dur\u00e9e de lecture estim\u00e9e":"3 minutes"},"schema":{"@context":"https:\/\/schema.org","@graph":[{"@type":["WebPage","SearchResultsPage"],"@id":"https:\/\/alainmartineau-cartoenv.fr\/accueil\/","url":"https:\/\/alainmartineau-cartoenv.fr\/accueil\/","name":"CARTOGRAPHIE ET ENVIRONNEMENT - Alain Martineau Sp\u00e9cialiste CAD-SIG","isPartOf":{"@id":"https:\/\/alainmartineau-cartoenv.fr\/accueil\/#website"},"primaryImageOfPage":{"@id":"https:\/\/alainmartineau-cartoenv.fr\/accueil\/#primaryimage"},"image":{"@id":"https:\/\/alainmartineau-cartoenv.fr\/accueil\/#primaryimage"},"thumbnailUrl":"https:\/\/alainmartineau-cartoenv.fr\/wp-content\/uploads\/2025\/06\/banniere_nb-1024x355.png","datePublished":"2025-06-08T13:21:59+00:00","dateModified":"2025-11-15T13:26:51+00:00","description":"Sp\u00e9cialiste CAD-SIG. J'assure des services de cartographie, d'illustration et de d\u00e9veloppement d\u2019outils destin\u00e9s \u00e0 l\u2019ing\u00e9ni\u00e9rie de l\u2019environnement.","breadcrumb":{"@id":"https:\/\/alainmartineau-cartoenv.fr\/accueil\/#breadcrumb"},"inLanguage":"fr-FR","potentialAction":[{"@type":"ReadAction","target":["https:\/\/alainmartineau-cartoenv.fr\/accueil\/"]}]},{"@type":"ImageObject","inLanguage":"fr-FR","@id":"https:\/\/alainmartineau-cartoenv.fr\/accueil\/#primaryimage","url":"https:\/\/alainmartineau-cartoenv.fr\/wp-content\/uploads\/2025\/06\/banniere_nb-1024x355.png","contentUrl":"https:\/\/alainmartineau-cartoenv.fr\/wp-content\/uploads\/2025\/06\/banniere_nb-1024x355.png"},{"@type":"BreadcrumbList","@id":"https:\/\/alainmartineau-cartoenv.fr\/accueil\/#breadcrumb","itemListElement":[{"@type":"ListItem","position":1,"name":"Accueil","item":"https:\/\/alainmartineau-cartoenv.fr\/accueil\/"},{"@type":"ListItem","position":2,"name":"CARTOGRAPHIE ET ENVIRONNEMENT"}]},{"@type":"WebSite","@id":"https:\/\/alainmartineau-cartoenv.fr\/accueil\/#website","url":"https:\/\/alainmartineau-cartoenv.fr\/accueil\/","name":"Alain Martineau Sp\u00e9cialiste CAD-SIG","description":"","publisher":{"@id":"https:\/\/alainmartineau-cartoenv.fr\/accueil\/#\/schema\/person\/5cc1fe3b12e5b98102d5dbc0661de1a3"},"alternateName":"alainmartineau-cartoenv","potentialAction":[{"@type":"SearchAction","target":{"@type":"EntryPoint","urlTemplate":"https:\/\/alainmartineau-cartoenv.fr\/accueil\/?s={search_term_string}"},"query-input":{"@type":"PropertyValueSpecification","valueRequired":true,"valueName":"search_term_string"}}],"inLanguage":"fr-FR"},{"@type":["Person","Organization"],"@id":"https:\/\/alainmartineau-cartoenv.fr\/accueil\/#\/schema\/person\/5cc1fe3b12e5b98102d5dbc0661de1a3","name":"alainmartineau9@gmail.com","image":{"@type":"ImageObject","inLanguage":"fr-FR","@id":"https:\/\/alainmartineau-cartoenv.fr\/wp-content\/uploads\/2025\/06\/cropped-AM_1-2-1.png","url":"https:\/\/alainmartineau-cartoenv.fr\/wp-content\/uploads\/2025\/06\/cropped-AM_1-2-1.png","contentUrl":"https:\/\/alainmartineau-cartoenv.fr\/wp-content\/uploads\/2025\/06\/cropped-AM_1-2-1.png","width":512,"height":512,"caption":"alainmartineau9@gmail.com"},"logo":{"@id":"https:\/\/alainmartineau-cartoenv.fr\/wp-content\/uploads\/2025\/06\/cropped-AM_1-2-1.png"},"sameAs":["https:\/\/alainmartineau-cartoenv.fr","www.linkedin.com\/in\/alainmartineau-cartoenv"]}]}},"_links":{"self":[{"href":"https:\/\/alainmartineau-cartoenv.fr\/accueil\/wp-json\/wp\/v2\/pages\/21","targetHints":{"allow":["GET"]}}],"collection":[{"href":"https:\/\/alainmartineau-cartoenv.fr\/accueil\/wp-json\/wp\/v2\/pages"}],"about":[{"href":"https:\/\/alainmartineau-cartoenv.fr\/accueil\/wp-json\/wp\/v2\/types\/page"}],"author":[{"embeddable":true,"href":"https:\/\/alainmartineau-cartoenv.fr\/accueil\/wp-json\/wp\/v2\/users\/1"}],"replies":[{"embeddable":true,"href":"https:\/\/alainmartineau-cartoenv.fr\/accueil\/wp-json\/wp\/v2\/comments?post=21"}],"version-history":[{"count":429,"href":"https:\/\/alainmartineau-cartoenv.fr\/accueil\/wp-json\/wp\/v2\/pages\/21\/revisions"}],"predecessor-version":[{"id":1877,"href":"https:\/\/alainmartineau-cartoenv.fr\/accueil\/wp-json\/wp\/v2\/pages\/21\/revisions\/1877"}],"wp:attachment":[{"href":"https:\/\/alainmartineau-cartoenv.fr\/accueil\/wp-json\/wp\/v2\/media?parent=21"}],"curies":[{"name":"wp","href":"https:\/\/api.w.org\/{rel}","templated":true}]}}